{"id":1073,"date":"2025-08-09T16:06:07","date_gmt":"2025-08-09T14:06:07","guid":{"rendered":"https:\/\/champagnemaugran.com\/?page_id=1073"},"modified":"2025-08-11T10:44:27","modified_gmt":"2025-08-11T08:44:27","slug":"elementor-1073","status":"publish","type":"page","link":"https:\/\/champagnemaugran.com\/","title":{"rendered":"Notre Histoire"},"content":{"rendered":"\t\t<div data-elementor-type=\"wp-page\" data-elementor-id=\"1073\" class=\"elementor elementor-1073\">\n\t\t\t\t<div class=\"elementor-element elementor-element-81832d0 e-grid e-con-full e-con e-parent\" data-id=\"81832d0\" data-element_type=\"container\" data-e-type=\"container\" data-settings=\"{&quot;background_background&quot;:&quot;classic&quot;}\">\n\t\t\t\t<div class=\"elementor-element elementor-element-611332f elementor-widget elementor-widget-image\" data-id=\"611332f\" data-element_type=\"widget\" data-e-type=\"widget\" data-widget_type=\"image.default\">\n\t\t\t\t\t\t\t\t\t\t\t\t\t\t\t<img fetchpriority=\"high\" width=\"2560\" height=\"1600\"  class=\"attachment-full size-full wp-image-1271 lws-optimize-lazyload\" alt=\"\" srcset=\"https:\/\/champagnemaugran.com\/wp-content\/uploads\/2025\/08\/4-Bottles-scaled.jpg 2560w, https:\/\/champagnemaugran.com\/wp-content\/uploads\/2025\/08\/4-Bottles-600x375.jpg 600w, https:\/\/champagnemaugran.com\/wp-content\/uploads\/2025\/08\/4-Bottles-300x188.jpg 300w, https:\/\/champagnemaugran.com\/wp-content\/uploads\/2025\/08\/4-Bottles-1024x640.jpg 1024w, https:\/\/champagnemaugran.com\/wp-content\/uploads\/2025\/08\/4-Bottles-768x480.jpg 768w, https:\/\/champagnemaugran.com\/wp-content\/uploads\/2025\/08\/4-Bottles-1536x960.jpg 1536w\" sizes=\"(max-width: 2560px) 100vw, 2560px\" \/ data-src=\"https:\/\/champagnemaugran.com\/wp-content\/uploads\/2025\/08\/4-Bottles-scaled.jpg\">\t\t\t\t\t\t\t\t\t\t\t\t\t\t\t<\/div>\n\t\t\t\t<\/div>\n\t\t<div class=\"elementor-element elementor-element-25d5428 e-flex e-con-boxed e-con e-parent\" data-id=\"25d5428\" data-element_type=\"container\" data-e-type=\"container\">\n\t\t\t\t\t<div class=\"e-con-inner\">\n\t\t\t\t<div class=\"elementor-element elementor-element-349041b elementor-widget elementor-widget-spacer\" data-id=\"349041b\" data-element_type=\"widget\" data-e-type=\"widget\" data-widget_type=\"spacer.default\">\n\t\t\t\t\t\t\t<div class=\"elementor-spacer\">\n\t\t\t<div class=\"elementor-spacer-inner\"><\/div>\n\t\t<\/div>\n\t\t\t\t\t\t<\/div>\n\t\t\t\t\t<\/div>\n\t\t\t\t<\/div>\n\t\t<div class=\"elementor-element elementor-element-bf82aa5 e-flex e-con-boxed e-con e-parent\" data-id=\"bf82aa5\" data-element_type=\"container\" data-e-type=\"container\">\n\t\t\t\t\t<div class=\"e-con-inner\">\n\t\t\t\t<div class=\"elementor-element elementor-element-04618a7 elementor-widget elementor-widget-image\" data-id=\"04618a7\" data-element_type=\"widget\" data-e-type=\"widget\" data-widget_type=\"image.default\">\n\t\t\t\t\t\t\t\t\t\t\t\t\t\t\t<img  title=\"MAUGRAN_Plan de travail 1\" alt=\"MAUGRAN_Plan de travail 1\" loading=\"lazy\" \/ class=\"lws-optimize-lazyload\" data-src=\"https:\/\/champagnemaugran.com\/wp-content\/uploads\/elementor\/thumbs\/MAUGRAN_Plan-de-travail-1-1-scaled-ra0h1wqeji73nwoaw3eckge9etmpsozrq4u1nl1ppc.png\">\t\t\t\t\t\t\t\t\t\t\t\t\t\t\t<\/div>\n\t\t\t\t\t<\/div>\n\t\t\t\t<\/div>\n\t\t<div class=\"elementor-element elementor-element-92daf3e e-grid e-con-boxed e-con e-parent\" data-id=\"92daf3e\" data-element_type=\"container\" data-e-type=\"container\">\n\t\t\t\t\t<div class=\"e-con-inner\">\n\t\t\t\t<div class=\"elementor-element elementor-element-300b4ff elementor-widget elementor-widget-text-editor\" data-id=\"300b4ff\" data-element_type=\"widget\" data-e-type=\"widget\" data-widget_type=\"text-editor.default\">\n\t\t\t\t\t\t\t\t\t<h2 style=\"text-align: center;\"><span style=\"color: #808080;\">La Maison Maugran<\/span><\/h2>\n<p style=\"text-align: center;\"><strong>Notre histoire<\/strong><\/p>\n<p style=\"text-align: center;\">Forts de 20 ann\u00e9es d\u2019exp\u00e9rience dans l\u2019organisation d\u2019\u00e9v\u00e9nements haut de gamme, o\u00f9 l\u2019excellence et le souci du d\u00e9tail sont essentiels, nous avons voulu prolonger cette qu\u00eate dans la cr\u00e9ation de la Maison MAUGRAN. Passionn\u00e9s par l\u2019art de recevoir, la beaut\u00e9 de la table et la richesse de la gastronomie, nous consid\u00e9rons le Champagne comme l\u2019\u00e9crin naturel de ces instants d\u2019exception.<\/p>\n<p style=\"text-align: center;\">Ainsi est n\u00e9e une collection de cuv\u00e9es Premier Cru et Grand Cru \u00e9labor\u00e9es avec des vignerons fran\u00e7ais au savoir-faire reconnu, alliant authenticit\u00e9, \u00e9l\u00e9gance et raffinement, pour sublimer chaque c\u00e9l\u00e9bration.<\/p>\n<p style=\"text-align: center;\">Notre logo, une rose stylis\u00e9e, rend hommage \u00e0 la &nbsp;Grande Duchesse Charlotte et \u00e0 l\u2019h\u00e9ritage luxembourgeois. Symbole de noblesse, de gr\u00e2ce et de finesse, la rose demeure aujourd\u2019hui un embl\u00e8me vivant du Luxembourg, c\u00e9l\u00e9br\u00e9 dans de nombreuses roseraies et jardins qui perp\u00e9tuent cette tradition unique.<\/p>\n<p style=\"text-align: center;\">MAUGRAN, c\u2019est plus qu\u2019un champagne : c\u2019est la signature de l\u2019instant&nbsp;parfait.<\/p>\t\t\t\t\t\t\t\t<\/div>\n\t\t\t\t\t<\/div>\n\t\t\t\t<\/div>\n\t\t<div class=\"elementor-element elementor-element-34032ad e-flex e-con-boxed e-con e-parent\" data-id=\"34032ad\" data-element_type=\"container\" data-e-type=\"container\">\n\t\t\t\t\t<div class=\"e-con-inner\">\n\t\t\t\t<div class=\"elementor-element elementor-element-556bd86 elementor-widget elementor-widget-spacer\" data-id=\"556bd86\" data-element_type=\"widget\" data-e-type=\"widget\" data-widget_type=\"spacer.default\">\n\t\t\t\t\t\t\t<div class=\"elementor-spacer\">\n\t\t\t<div class=\"elementor-spacer-inner\"><\/div>\n\t\t<\/div>\n\t\t\t\t\t\t<\/div>\n\t\t\t\t\t<\/div>\n\t\t\t\t<\/div>\n\t\t<div class=\"elementor-element elementor-element-36573c1 e-con-full e-flex e-con e-parent\" data-id=\"36573c1\" data-element_type=\"container\" data-e-type=\"container\" data-settings=\"{&quot;background_background&quot;:&quot;classic&quot;}\">\n\t\t<div class=\"elementor-element elementor-element-f8db1c6 e-con-full e-flex e-con e-child\" data-id=\"f8db1c6\" data-element_type=\"container\" data-e-type=\"container\">\n\t\t\t\t<div class=\"elementor-element elementor-element-40161cc elementor-widget elementor-widget-image\" data-id=\"40161cc\" data-element_type=\"widget\" data-e-type=\"widget\" data-widget_type=\"image.default\">\n\t\t\t\t\t\t\t\t\t\t\t\t\t\t\t<img width=\"1024\" height=\"362\"  class=\"attachment-large size-large wp-image-1121 lws-optimize-lazyload\" alt=\"\" srcset=\"https:\/\/champagnemaugran.com\/wp-content\/uploads\/2025\/08\/MAUGRAN-08-1024x362.png 1024w, https:\/\/champagnemaugran.com\/wp-content\/uploads\/2025\/08\/MAUGRAN-08-scaled-600x212.png 600w, https:\/\/champagnemaugran.com\/wp-content\/uploads\/2025\/08\/MAUGRAN-08-300x106.png 300w, https:\/\/champagnemaugran.com\/wp-content\/uploads\/2025\/08\/MAUGRAN-08-768x272.png 768w, https:\/\/champagnemaugran.com\/wp-content\/uploads\/2025\/08\/MAUGRAN-08-1536x543.png 1536w, https:\/\/champagnemaugran.com\/wp-content\/uploads\/2025\/08\/MAUGRAN-08-2048x725.png 2048w\" sizes=\"(max-width: 1024px) 100vw, 1024px\" \/ data-src=\"https:\/\/champagnemaugran.com\/wp-content\/uploads\/2025\/08\/MAUGRAN-08-1024x362.png\">\t\t\t\t\t\t\t\t\t\t\t\t\t\t\t<\/div>\n\t\t\t\t<\/div>\n\t\t<div class=\"elementor-element elementor-element-46d51f1 e-con-full e-flex e-con e-child\" data-id=\"46d51f1\" data-element_type=\"container\" data-e-type=\"container\">\n\t\t\t\t<div class=\"elementor-element elementor-element-923463f elementor-widget elementor-widget-text-editor\" data-id=\"923463f\" data-element_type=\"widget\" data-e-type=\"widget\" data-widget_type=\"text-editor.default\">\n\t\t\t\t\t\t\t\t\t<h5><strong><span style=\"color: #999999;\">Contact:<\/span><\/strong><\/h5><p><span style=\"color: #999999;\">Email: info@champagnemaugran.com<br \/>T\u00e9l: +352 661 532 534<\/span><\/p>\t\t\t\t\t\t\t\t<\/div>\n\t\t\t\t<\/div>\n\t\t<div class=\"elementor-element elementor-element-4fc0fde e-con-full e-flex e-con e-child\" data-id=\"4fc0fde\" data-element_type=\"container\" data-e-type=\"container\">\n\t\t\t\t<div class=\"elementor-element elementor-element-6c39a56 elementor-widget elementor-widget-text-editor\" data-id=\"6c39a56\" data-element_type=\"widget\" data-e-type=\"widget\" data-widget_type=\"text-editor.default\">\n\t\t\t\t\t\t\t\t\t<p><strong><span style=\"color: #999999;\">Follow us<\/span><\/strong><\/p><p><a href=\"https:\/\/www.facebook.com\/profile.php?id=61579269835344\"><span style=\"color: #999999;\">Facebook<\/span><\/a><br \/><a href=\"https:\/\/www.instagram.com\/maugran_champagne_?igsh=bDJtdGtma2NoaHdr\"><span style=\"color: #999999;\">Instagram<\/span><\/a><\/p>\t\t\t\t\t\t\t\t<\/div>\n\t\t\t\t<\/div>\n\t\t<div class=\"elementor-element elementor-element-6b069ac e-con-full e-flex e-con e-child\" data-id=\"6b069ac\" data-element_type=\"container\" data-e-type=\"container\">\n\t\t\t\t<div class=\"elementor-element elementor-element-081e15c elementor-widget elementor-widget-text-editor\" data-id=\"081e15c\" data-element_type=\"widget\" data-e-type=\"widget\" data-widget_type=\"text-editor.default\">\n\t\t\t\t\t\t\t\t\t<p><span style=\"color: #999999;\"><strong>Adresse,<\/strong>\u00a0<\/span><br \/><br \/><span style=\"color: #999999;\">Luxembourg<\/span><\/p>\t\t\t\t\t\t\t\t<\/div>\n\t\t\t\t<\/div>\n\t\t\t\t<\/div>\n\t\t\t\t<\/div>\n\t\t","protected":false},"excerpt":{"rendered":"<p>La Maison Maugran Notre histoire Forts de 20 ann\u00e9es d\u2019exp\u00e9rience dans l\u2019organisation d\u2019\u00e9v\u00e9nements haut de gamme, o\u00f9 l\u2019excellence et le [&hellip;]<\/p>\n","protected":false},"author":1,"featured_media":0,"parent":0,"menu_order":1,"comment_status":"closed","ping_status":"closed","template":"","meta":{"site-sidebar-layout":"no-sidebar","site-content-layout":"","ast-site-content-layout":"full-width-container","site-content-style":"default","site-sidebar-style":"default","ast-global-header-display":"","ast-banner-title-visibility":"","ast-main-header-display":"","ast-hfb-above-header-display":"","ast-hfb-below-header-display":"","ast-hfb-mobile-header-display":"","site-post-title":"disabled","ast-breadcrumbs-content":"","ast-featured-img":"disabled","footer-sml-layout":"","theme-transparent-header-meta":"","adv-header-id-meta":"","stick-header-meta":"","header-above-stick-meta":"","header-main-stick-meta":"","header-below-stick-meta":"","astra-migrate-meta-layouts":"default","ast-page-background-enabled":"default","ast-page-background-meta":{"desktop":{"background-color":"var(--ast-global-color-5)","background-image":"","background-repeat":"repeat","background-position":"center center","background-size":"auto","background-attachment":"scroll","background-type":"","background-media":"","overlay-type":"","overlay-color":"","overlay-opacity":"","overlay-gradient":""},"tablet":{"background-color":"","background-image":"","background-repeat":"repeat","background-position":"center center","background-size":"auto","background-attachment":"scroll","background-type":"","background-media":"","overlay-type":"","overlay-color":"","overlay-opacity":"","overlay-gradient":""},"mobile":{"background-color":"","background-image":"","background-repeat":"repeat","background-position":"center center","background-size":"auto","background-attachment":"scroll","background-type":"","background-media":"","overlay-type":"","overlay-color":"","overlay-opacity":"","overlay-gradient":""}},"ast-content-background-meta":{"desktop":{"background-color":"var(--ast-global-color-4)","background-image":"","background-repeat":"repeat","background-position":"center center","background-size":"auto","background-attachment":"scroll","background-type":"","background-media":"","overlay-type":"","overlay-color":"","overlay-opacity":"","overlay-gradient":""},"tablet":{"background-color":"var(--ast-global-color-4)","background-image":"","background-repeat":"repeat","background-position":"center center","background-size":"auto","background-attachment":"scroll","background-type":"","background-media":"","overlay-type":"","overlay-color":"","overlay-opacity":"","overlay-gradient":""},"mobile":{"background-color":"var(--ast-global-color-4)","background-image":"","background-repeat":"repeat","background-position":"center center","background-size":"auto","background-attachment":"scroll","background-type":"","background-media":"","overlay-type":"","overlay-color":"","overlay-opacity":"","overlay-gradient":""}},"footnotes":""},"class_list":["post-1073","page","type-page","status-publish","hentry"],"yoast_head":"<!-- This site is optimized with the Yoast SEO plugin v27.5 - https:\/\/yoast.com\/product\/yoast-seo-wordpress\/ -->\n<title>Notre Histoire -<\/title>\n<meta name=\"robots\" content=\"index, follow, max-snippet:-1, max-image-preview:large, max-video-preview:-1\" \/>\n<link rel=\"canonical\" href=\"https:\/\/champagnemaugran.com\/\" \/>\n<meta property=\"og:locale\" content=\"en_US\" \/>\n<meta property=\"og:type\" content=\"article\" \/>\n<meta property=\"og:title\" content=\"Notre Histoire -\" \/>\n<meta property=\"og:description\" content=\"La Maison Maugran Notre histoire Forts de 20 ann\u00e9es d\u2019exp\u00e9rience dans l\u2019organisation d\u2019\u00e9v\u00e9nements haut de gamme, o\u00f9 l\u2019excellence et le [&hellip;]\" \/>\n<meta property=\"og:url\" content=\"https:\/\/champagnemaugran.com\/\" \/>\n<meta property=\"article:modified_time\" content=\"2025-08-11T08:44:27+00:00\" \/>\n<meta property=\"og:image\" content=\"https:\/\/champagnemaugran.com\/wp-content\/uploads\/2025\/08\/4-Bottles.jpg\" \/>\n<meta name=\"twitter:card\" content=\"summary_large_image\" \/>\n<meta name=\"twitter:label1\" content=\"Est. reading time\" \/>\n\t<meta name=\"twitter:data1\" content=\"1 minute\" \/>\n<script type=\"application\/ld+json\" class=\"yoast-schema-graph\">{\"@context\":\"https:\\\/\\\/schema.org\",\"@graph\":[{\"@type\":\"WebPage\",\"@id\":\"https:\\\/\\\/champagnemaugran.com\\\/\",\"url\":\"https:\\\/\\\/champagnemaugran.com\\\/\",\"name\":\"Notre Histoire -\",\"isPartOf\":{\"@id\":\"https:\\\/\\\/champagnemaugran.com\\\/#website\"},\"primaryImageOfPage\":{\"@id\":\"https:\\\/\\\/champagnemaugran.com\\\/#primaryimage\"},\"image\":{\"@id\":\"https:\\\/\\\/champagnemaugran.com\\\/#primaryimage\"},\"thumbnailUrl\":\"https:\\\/\\\/champagnemaugran.com\\\/wp-content\\\/uploads\\\/2025\\\/08\\\/4-Bottles.jpg\",\"datePublished\":\"2025-08-09T14:06:07+00:00\",\"dateModified\":\"2025-08-11T08:44:27+00:00\",\"breadcrumb\":{\"@id\":\"https:\\\/\\\/champagnemaugran.com\\\/#breadcrumb\"},\"inLanguage\":\"en-US\",\"potentialAction\":[{\"@type\":\"ReadAction\",\"target\":[\"https:\\\/\\\/champagnemaugran.com\\\/\"]}]},{\"@type\":\"ImageObject\",\"inLanguage\":\"en-US\",\"@id\":\"https:\\\/\\\/champagnemaugran.com\\\/#primaryimage\",\"url\":\"https:\\\/\\\/champagnemaugran.com\\\/wp-content\\\/uploads\\\/2025\\\/08\\\/4-Bottles-scaled.jpg\",\"contentUrl\":\"https:\\\/\\\/champagnemaugran.com\\\/wp-content\\\/uploads\\\/2025\\\/08\\\/4-Bottles-scaled.jpg\",\"width\":2560,\"height\":1600},{\"@type\":\"BreadcrumbList\",\"@id\":\"https:\\\/\\\/champagnemaugran.com\\\/#breadcrumb\",\"itemListElement\":[{\"@type\":\"ListItem\",\"position\":1,\"name\":\"Home\",\"item\":\"https:\\\/\\\/champagnemaugran.com\\\/\"},{\"@type\":\"ListItem\",\"position\":2,\"name\":\"Notre Histoire\"}]},{\"@type\":\"WebSite\",\"@id\":\"https:\\\/\\\/champagnemaugran.com\\\/#website\",\"url\":\"https:\\\/\\\/champagnemaugran.com\\\/\",\"name\":\"\",\"description\":\"Champagne\",\"potentialAction\":[{\"@type\":\"SearchAction\",\"target\":{\"@type\":\"EntryPoint\",\"urlTemplate\":\"https:\\\/\\\/champagnemaugran.com\\\/?s={search_term_string}\"},\"query-input\":{\"@type\":\"PropertyValueSpecification\",\"valueRequired\":true,\"valueName\":\"search_term_string\"}}],\"inLanguage\":\"en-US\"}]}<\/script>\n<!-- \/ Yoast SEO plugin. -->","yoast_head_json":{"title":"Notre Histoire -","robots":{"index":"index","follow":"follow","max-snippet":"max-snippet:-1","max-image-preview":"max-image-preview:large","max-video-preview":"max-video-preview:-1"},"canonical":"https:\/\/champagnemaugran.com\/","og_locale":"en_US","og_type":"article","og_title":"Notre Histoire -","og_description":"La Maison Maugran Notre histoire Forts de 20 ann\u00e9es d\u2019exp\u00e9rience dans l\u2019organisation d\u2019\u00e9v\u00e9nements haut de gamme, o\u00f9 l\u2019excellence et le [&hellip;]","og_url":"https:\/\/champagnemaugran.com\/","article_modified_time":"2025-08-11T08:44:27+00:00","og_image":[{"url":"https:\/\/champagnemaugran.com\/wp-content\/uploads\/2025\/08\/4-Bottles.jpg","type":"","width":"","height":""}],"twitter_card":"summary_large_image","twitter_misc":{"Est. reading time":"1 minute"},"schema":{"@context":"https:\/\/schema.org","@graph":[{"@type":"WebPage","@id":"https:\/\/champagnemaugran.com\/","url":"https:\/\/champagnemaugran.com\/","name":"Notre Histoire -","isPartOf":{"@id":"https:\/\/champagnemaugran.com\/#website"},"primaryImageOfPage":{"@id":"https:\/\/champagnemaugran.com\/#primaryimage"},"image":{"@id":"https:\/\/champagnemaugran.com\/#primaryimage"},"thumbnailUrl":"https:\/\/champagnemaugran.com\/wp-content\/uploads\/2025\/08\/4-Bottles.jpg","datePublished":"2025-08-09T14:06:07+00:00","dateModified":"2025-08-11T08:44:27+00:00","breadcrumb":{"@id":"https:\/\/champagnemaugran.com\/#breadcrumb"},"inLanguage":"en-US","potentialAction":[{"@type":"ReadAction","target":["https:\/\/champagnemaugran.com\/"]}]},{"@type":"ImageObject","inLanguage":"en-US","@id":"https:\/\/champagnemaugran.com\/#primaryimage","url":"https:\/\/champagnemaugran.com\/wp-content\/uploads\/2025\/08\/4-Bottles-scaled.jpg","contentUrl":"https:\/\/champagnemaugran.com\/wp-content\/uploads\/2025\/08\/4-Bottles-scaled.jpg","width":2560,"height":1600},{"@type":"BreadcrumbList","@id":"https:\/\/champagnemaugran.com\/#breadcrumb","itemListElement":[{"@type":"ListItem","position":1,"name":"Home","item":"https:\/\/champagnemaugran.com\/"},{"@type":"ListItem","position":2,"name":"Notre Histoire"}]},{"@type":"WebSite","@id":"https:\/\/champagnemaugran.com\/#website","url":"https:\/\/champagnemaugran.com\/","name":"","description":"Champagne","potentialAction":[{"@type":"SearchAction","target":{"@type":"EntryPoint","urlTemplate":"https:\/\/champagnemaugran.com\/?s={search_term_string}"},"query-input":{"@type":"PropertyValueSpecification","valueRequired":true,"valueName":"search_term_string"}}],"inLanguage":"en-US"}]}},"jetpack_sharing_enabled":true,"_links":{"self":[{"href":"https:\/\/champagnemaugran.com\/index.php?rest_route=\/wp\/v2\/pages\/1073","targetHints":{"allow":["GET"]}}],"collection":[{"href":"https:\/\/champagnemaugran.com\/index.php?rest_route=\/wp\/v2\/pages"}],"about":[{"href":"https:\/\/champagnemaugran.com\/index.php?rest_route=\/wp\/v2\/types\/page"}],"author":[{"embeddable":true,"href":"https:\/\/champagnemaugran.com\/index.php?rest_route=\/wp\/v2\/users\/1"}],"replies":[{"embeddable":true,"href":"https:\/\/champagnemaugran.com\/index.php?rest_route=%2Fwp%2Fv2%2Fcomments&post=1073"}],"version-history":[{"count":80,"href":"https:\/\/champagnemaugran.com\/index.php?rest_route=\/wp\/v2\/pages\/1073\/revisions"}],"predecessor-version":[{"id":1347,"href":"https:\/\/champagnemaugran.com\/index.php?rest_route=\/wp\/v2\/pages\/1073\/revisions\/1347"}],"wp:attachment":[{"href":"https:\/\/champagnemaugran.com\/index.php?rest_route=%2Fwp%2Fv2%2Fmedia&parent=1073"}],"curies":[{"name":"wp","href":"https:\/\/api.w.org\/{rel}","templated":true}]}}